vided by o.
11
Suppose v = -0*v + 8. Suppose 5*d - 15 = -2*q, 2*q + 9 = 5*d - 6. Suppose q*x = -x + 31. Calculate the remainder when x is divided by v.
7
What is the remainder when (-43)/(3 + (-1 - 1))*-1 is divided by 11?
10
Suppose -a = -2*b + 3 - 2, -5*a + 15 = 0. Suppose -18 = -4*n + b*n. What is the remainder when n is divided by 4?
1
Let r = -2 + 6. Suppose o + 2*o = 126. Suppose -r*i = -2*a + o, 0*i - i = -5*a + 150. Calculate the remainder when a is divided by 11.
9
Suppose 0 = 4*o, 90 = -0*t - 5*t - 3*o. Let y = -6 - t. Suppose 15*f - 38 = 67. Calculate the remainder when y is divided by f.
5
Suppose 5*h + 5*c = 0, 2*c = c. Suppose h = -r - 5*p + 2, 3*r = -0*r - p + 62. What is the remainder when r is divided by 12?
10
Let l be (-1)/((-15)/7 + 2). Let s(r) = r**3 - 8*r**2 + 8*r. Suppose 0 = -0*d - d + 2. Calculate the remainder when s(l) is divided by d.
1
Let u(f) = 5*f + 5. Let c be u(-4). Let z = c - -46. Calculate the remainder when z is divided by 16.
15
Suppose -4*v - 8 = -5*r, 13 + 1 = 2*v + 2*r. Suppose v*i - 34 = -5*o, -7*i = -3*i + o - 17. What is the remainder when 7 is divided by i?
1
Let n(d) = -d**2 + 12*d - 7. Calculate the remainder when n(11) is divided by 2.
0
Suppose 0 = 2*o + o - 36. Let h(r) = -r**3 - 8*r**2 + 9*r + 22. What is the remainder when h(-9) is divided by o?
10
Let n(w) = w + 7. Let x be n(5). Suppose 0 = -2*a + 5*j + x, -2*a + 5*a + 5*j - 18 = 0. What is the remainder when a is divided by 3?
0
Let k = 14 + -9. What is the remainder when 8 is divided by k?
3
Suppose 0 = -3*x + 40 + 134. Suppose -10 = 5*k, -7*k + 92 = 5*v - 3*k. What is the remainder when x is divided by v?
18
Suppose 4*p = 7*p - 27. Calculate the remainder when 59 is divided by p.
5
Let b = 74 - 63. What is the remainder when 42 is divided by b?
9
Let j = -5 + 5. Suppose -2*t + 3 - 1 = j. What is the remainder when 1 is divided by t?
0
Let q be (-2)/((-6)/9)*5. Suppose 6*r = r + q. Suppose 5*c + 4*b = 91, 3 = c - 0*c - r*b. What is the remainder when 29 is divided by c?
14
Let u = 25 + -12. Calculate the remainder when 38*1 + 0/11 is divided by u.
12
Suppose 20 = 2*d - 0*d. Let t = 2 + 26. What is the remainder when t is divided by d?
8
Let s(i) = -i**2 - 11*i + 7. Suppose -k - 44 = 3*k. What is the remainder when 27 is divided by s(k)?
6
Let v(f) = -f + 9. Calculate the remainder when 8 is divided by v(6).
2
Suppose 0 = -4*u + 2*s + 84, 0*u - 76 = -4*u - 2*s. Calculate the remainder when 38 is divided by u.
18
Let k(u) = 5*u - 4. Let l be k(2). Suppose 150 = l*g - 54. What is the remainder when g is divided by 3/(1*1/4)?
10
Let v = -1 + 12. Calculate the remainder when v is divided by 6.
5
Suppose -4*m - 2*j = -29 - 155, -4*m + 2*j = -192. Suppose 0 = 4*n - 3*n - m. What is the remainder when n is divided by (-126)/(-8) + (-1)/(-4)?
15
Let x be ((-2)/(-3))/((-4)/24). Let d = 4 + x. Suppose -z - 31 = -4*t - d*z, 4*t + 2*z = 22. Calculate the remainder when 20 is divided by t.
6
Let m = 49 + -90. Let b = m - -75. Calculate the remainder when b is divided by 18.
16
Let m(q) = -32*q + 5. Let k = -5 - -16. Let d(o) = -63*o + 9. Let h(l) = k*m(l) - 6*d(l). What is the remainder when h(2) is divided by 18?
17
Let z(y) = y**2 - 12*y + 19. What is the remainder when ((-7)/2)/(3/(-18)) is divided by z(11)?
5
Let w(m) = -12*m. Let r = 16 - 3. Calculate the remainder when w(-2) is divided by r.
11
Suppose 2*f = 3*f - 26. Let m = -8 + 59. Calculate the remainder when m is divided by f.
25
Suppose -21*t + 32*t = 77. Calculate the remainder when 13 is divided by t.
6
Let t = 42 - 3. Suppose 0 = -0*q - 3*q + 60. Calculate the remainder when t is divided by q.
19
Suppose -2*v = -3*v + 23. Calculate the remainder when 89 is divided by v.
20
Suppose -2*m + 180 = m. Calculate the remainder when m is divided by 16.
12
Suppose 0 = -5*h + 9 + 21. Suppose 3*m + 162 = h*m. Suppose 0 = -4*k + 18 + m. Calculate the remainder when 34 is divided by k.
16
Let m(o) = -17*o - 1. Let h be m(1). What is the remainder when ((-18)/(-4))/((-3)/h) is divided by 14?
13
Let s be (6/4)/((-2)/(-4)). Suppose 5*t + 7 = 5*n - s*n, 2*n + 2*t = 0. Calculate the remainder when 3 is divided by n.
0
Suppose 2*n = 4*n - 562. Suppose -n = 4*z - 25. Let h = z - -107. What is the remainder when h is divided by 15?
13
Suppose 2*v = -f - v + 48, 0 = -4*f + 4*v + 224. What is the remainder when f is divided by 14?
12
Let a be -3*(-15)/36*4. Suppose 0 = -p - m - 0*m + 13, 2*p - a*m = 5. Suppose 1 + 17 = 3*q. Calculate the remainder when p is divided by q.
4
Let i = 9 - -14. Calculate the remainder when i is divided by (-2)/(-3) + (-44)/(-6).
7
Let t(z) = 7*z - 2. Suppose -16 = -7*g + 3*g. Suppose 2*x + 2*x + 36 = 2*l, 0 = -g*l + 5*x + 60. What is the remainder when t(3) is divided by l?
9
What is the remainder when ((-2 - -1) + 2)*34 is divided by 9?
7
Let m = 8 - 20. Let y = -10 - -32. Calculate the remainder when y is divided by (-141)/m + 1/4.
10
Let w = -20 - -51. Calculate the remainder when 0 + 2 - (-61 - -2) is divided by w.
30
Let j be (-8)/(-6) - (-10)/15. Suppose 2*v - 8 = 2*y, -3*y + 0 = v + 4. Suppose h = 3*p + v, -j = -p - p. Calculate the remainder when 9 is divided by h.
4
Let l(y) be the third derivative of 3*y**5/20 + y**4/12 + y**3/2 - y**2. What is the remainder when l(3) is divided by 31?
28
Let o(t) = -t**2 - 6*t + 7. Let w be o(-6). Suppose -s - 1 = -w. Suppose 0 = -2*x + 4*x - 46. Calculate the remainder when x is divided by s.
5
Let u(f) = -6 + 6*f - 3*f**2 + f + 4*f**2. Let y be u(-8). Suppose -v = y*v - 105. What is the remainder when v is divided by 18?
17
Suppose -5*v = 171 - 56. Let c = 33 + v. Calculate the remainder when 18 is divided by c.
8
Let d(a) be the first derivative of 7*a**3/3 - a**2/2 + 4*a + 1. Calculate the remainder when 59 is divided by d(2).
29
What is the remainder when 4/(-4)*(-64)/2 is divided by 17?
15
Let m be -1 + -3 + -5 + 2. Let g = m + 7. Let r = g + 8. What is the remainder when 14 is divided by r?
6
Suppose -3*t = -7*t + 24. What is the remainder when 194/t - 2/(-3) is divided by 17?
16
Suppose 0 = 3*t - 11 - 4. Suppose -t*z + 12 = -8. Let g(j) = -j**3 + 5*j**2 - 2*j - 5. Calculate the remainder when 5 is divided by g(z).
2
Let z(s) = -s**3 + 20*s**2 + 19*s + 47. What is the remainder when 48 is divided by z(21)?
3
Let m = -5 + 9. What is the remainder when 13 is divided by m?
1
Let x(q) = -q**2 - 9*q - 10. Let t be (-7 - 0)*(11 + -10). Calculate the remainder when 15 is divided by x(t).
3
Let z be 0/1 - (-15 + -3). Calculate the remainder when 292/18 - 4/z is divided by 9.
7
Let j(f) = -1 - 3 - 8*f + 5. Let c(m) = -m**3 + 7*m**2 - 6*m + 9. What is the remainder when j(-3) is divided by c(6)?
7
Suppose -4*o = 3*t - 158, 49 = 2*t + 5*o - 47. What is the remainder when t is divided by 12?
10
Suppose 0 = -3*l + 5*l. Suppose z - 32 = -4*b, 3*b - z - 9 - 8 = 0. What is the remainder when 13 + (2 - (2 + l)) is divided by b?
6
Let g = 0 - -3. Suppose -z + 15 = 3*w, 0 = g*w - 4*w. Calculate the remainder when z is divided by 9.
6
Let q be ((-2)/(-4))/(1/4). Let w(y) = 8*y + 1. Let b be w(2). Suppose b = -f + q*f. What is the remainder when 49 is divided by f?
15
Let k(l) = -l - 1. Let n be k(7). Let j be n/(-6) - 3/9. What is the remainder when 32 is divided by ((-1)/j + 2)*17?
15
Suppose -2*d - 11 = -3*d. Suppose -z - 5*m + d = -0*z, 20 = 3*z + 2*m. What is the remainder when 22 is divided by z?
4
Let l = -27 - -35. Calculate the remainder when 47 is divided by l.
7
Let u(d) = -2*d - 22. Calculate the remainder when 37 is divided by u(-16).
7
What is the remainder when 9/(4/(-10)*(-45)/162) is divided by 21?
18
Suppose 62*y = 61*y + 23. Calculate the remainder when 112 is divided by y.
20
Let y(z) = -z**3 + 14*z**2 - 9*z - 10. Let o be y(13). Let b = 101 - o. What is the remainder when b is divided by 15?
14
Let q(x) = x**2 + 12*x + 57. Calculate the remainder when 107 is divided by q(-7).
19
What is the remainder when (-33)/(4 + (-55)/10) is divided by 8?
6
Let z = -63 - -76. What is the remainder when 19 is divided by z?
6
What is the remainder when 43 is divided by 1/(1/(8 + 3))?
10
Let z(a) = 5*a. Let n(u) = 3*u - 1. Let m be n(1). Suppose -5*b + 41 = m*t, -b - 143 = -t - 4*t. What is the remainder when t is divided by z(3)?
13
Let g